f(-6).
0
Let b(v) = -9*v**2 - 7*v + 1. Let z be (-2 + 9)/(1 - 0). Let d(a) = -6*a**2 - 5*a + 1. Suppose -3*j - 23 = -8. Let w(t) = j*b(t) + z*d(t). Calculate w(2).
14
Let w(p) = p**3 + 20*p**2 + 4*p + 7. Let t(h) = -6*h**2 - h - 2. Let c(x) = -14*t(x) - 4*w(x). Give c(2).
-20
Let k(b) = -b**2 - 5*b + 1. Let i be k(-6). Let j(x) be the first derivative of 2*x + 2 + 1/2*x**2. Determine j(i).
-3
Let m(c) = -23*c**2 + c - 9. Let l(g) = 28*g**2 - 2*g + 8. Let k(z) = -5*l(z) - 6*m(z). Give k(6).
-34
Let v be (-1 - 26/(-8))/(6/(-16)). Let f be (-31)/v - 18/108. Let i(c) = -c**2 + 8*c - 4. Calculate i(f).
11
Suppose 21*q + 580 - 3646 = 0. Let j = -153 + q. Let n(k) = -k**3 - 8*k**2 - 6*k + 10. Calculate n(j).
3
Let m = 1017 + -1020. Let c(s) = -s**3 - 4*s**2 - 3*s - 8. What is c(m)?
-8
Let m(f) = 5*f**3 - 23*f**2 - 2*f + 7. Let a(z) = -11*z**3 + 51*z**2 + 3*z - 15. Let x(g) = 4*a(g) + 9*m(g). Determine x(4).
-5
Let q be 0/(-3) + -2 + 5. Let w be ((-15)/q)/(7 - 6). Let i(g) be the third derivative of g**4/24 + 5*g**3/6 - g**2. Give i(w).
0
Suppose 17 = q - 4*t, 2*q + 3*t - 9 = -8. Let m(i) = -i + 12. Determine m(q).
7
Let w = -47 - -32. Let t = 9 + w. Let u(q) = 11*q**2 + 5*q - 7. Let d(n) = 5*n**2 + 3*n - 4. Let l(m) = 9*d(m) - 4*u(m). Give l(t).
-14
Let b be (-1*2)/(-2) - 5. Let q(t) = -t**2 - 6*t. Suppose -5*c = 0, -c = x + 2*c + 4. Let l(h) = -h. Let y(j) = x*l(j) + q(j). Calculate y(b).
-8
Suppose -2*f = -5*y + 15, 3*y = -3*f - 2*y + 40. Let i(t) be the second derivative of 1/20*t**5 + 1/2*t**3 - 5/2*t**2 - 1/2*t**4 - f*t + 0. What is i(6)?
13
Suppose 3 + 15 = 3*p. Let z = -11 + p. Let x = z + 6. Let q(g) = -5*g + 1. Calculate q(x).
-4
Suppose -2*c + 81 = 21. Suppose 5*l - 5*k + c = 0, -4*l = -3*k + k + 18. Let a(y) be the third derivative of -y**5/60 - y**4/8 + y**3/2 - y**2. Give a(l).
3
Let t(m) = 5*m + 12 - 5*m - m. Let k be (-1 - -3) + (6 - -3 - 6). What is t(k)?
7
Let h(k) = -3*k - 5. Suppose -13*u + 9*u - 16 = 0. Calculate h(u).
7
Let u(o) = -5*o + 18. Let q(s) = 4*s - 15. Let m(f) = -7*q(f) - 6*u(f). Suppose b + b = -10. Let i = b + 7. Determine m(i).
1
Let q(c) = 14*c**2 + 3*c - 2. Let f be q(1). Let h = f - 9. Let z(d) = -4 + 9 - 4 - h*d. What is z(1)?
-5
Let d(j) = -j - 10. Let c be d(-12). Let s be -1 + (c - 4 - 0). Let y(u) = -3*u + 1. Calculate y(s).
10
Let h(i) be the second derivative of -i**3/6 - 5*i**2/2 - 2*i - 54. Calculate h(-4).
-1
Let d(o) be the first derivative of 3*o**2/2 + o + 36. Let f(p) = 16*p + 6. Let j(k) = 11*d(k) - 2*f(k). Let g = 0 + -5. What is j(g)?
-6
Let a(p) = p**3 + 2*p**2 - p. Let g = 284 + -284. What is a(g)?
0
Suppose -l - 13 = -5*i, 10*i + 9 = 11*i + 3*l. Let g(j) be the first derivative of 4/3*j**i + 1/4*j**4 + 5 + 3*j + 5/2*j**2. Calculate g(-3).
-3
Let d(x) = 3*x**2 + 2*x. Let b = -6 + 0. Let g be (9/7)/(93/434). Let p be ((-2)/g*b)/1. Calculate d(p).
16
Suppose 0 = 3*t - 5*f + 9, -19 = 60*t - 65*t - 3*f. Let u(w) be the first derivative of 2*w**3/3 + w**2 - w - 1. Give u(t).
11
Let i = 2272 - 2270. Let k(m) be the third derivative of 0 + 1/8*m**4 + 0*m**3 + 10*m**i + 0*m. Give k(-3).
-9
Let c(h) = 39*h + 5. Let z be c(0). Let m(w) = -2*w**2 - 11*w - 7. Let a(r) = -3*r**2 - 12*r - 8. Let n(g) = 3*a(g) - 4*m(g). Calculate n(z).
19
Let c be (-61 - -53) + (-9)/(-1). Let u(d) = 1 + 21*d - 4*d**2 + 19*d**2 - 22*d. Give u(c).
15
Let u = -15 + 23. Suppose 3*a = -t + 12, -3*t + u = -0*a + 2*a. Suppose 0 = j - p + 7, 5*j + 5*p = a*p - 29. Let y(z) = -z**2 - 6*z + 1. Give y(j).
1
Let q(o) = 10*o + 4. Let w(p) = 5*p + 2. Suppose 5*j + 10 = -5. Let t(c) = j*q(c) + 5*w(c). Calculate t(-2).
8
Let h(q) be the first derivative of -q**4/4 + 7*q**3/3 - 7*q**2/2 - 2*q - 1. Calculate h(6).
-8
Suppose -2*o + 4*o = -6. Let d = 28 - 25. Let w(y) = -2 + 2*y**3 - y**3 + 0*y**d + 5*y**2 - 2*y**2. Determine w(o).
-2
Let f(x) = x + 1. Suppose 71*n = 111*n + 40. Determine f(n).
0
Let d = -871/180 + 44/9. Let p(x) be the third derivative of 0*x - d*x**5 - 4*x**2 - 1/120*x**6 - 1/6*x**4 - 1/3*x**3 + 0. Give p(-3).
10
Let y be (-5)/(20/(-12)) - -8. Suppose 5*i + 19 + y = 0. Let n(d) = d - 2. What is n(i)?
-8
Let r(m) be the second derivative of m**3/6 + 2*m**2 + 2*m. Let b = -285 - -277. Determine r(b).
-4
Let v be 20/8 + (-2)/(-4). Let q(p) = 0*p**2 + 4*p**2 - 4*p - v*p**2 - 4 - 2*p**2. What is q(-3)?
-1
Let y = 1422 - 1424. Let o(j) be the third derivative of j**4/24 + j**2. What is o(y)?
-2
Suppose -2*b + 19 = 2*f + 1, 4*b = -5*f + 40. Suppose -4*o - b*g + 9 = 0, -3*o + 3 = 5*g - 10. Let k(r) = -r**3 - 3*r**2 + r - 5. What is k(o)?
7
Let g be (-114)/(-171) - 1/(-3)*-2. Let u(i) be the first derivative of 5*i + g*i**2 + i**3 + 6 - 1/4*i**4. What is u(4)?
-11
Let q(z) = -3*z - 48. Let m be q(-17). Let g be (-60)/(-27) + 2/(-9). Let d(s) = -12*s + 5 + s**g + 9*s - m. Determine d(4).
6
Let c(k) = k**2 - 5*k + 7. Let t(n) = -n**2 + 5*n - 6. Let m be (-58)/((-5)/((-20)/8)). Let w = 31 + m. Let o(u) = w*c(u) + 3*t(u). Determine o(3).
2
Let j(n) = -6*n - 7. Let f(c) = -5*c - 8. Let h(z) = 3*f(z) - 2*j(z). Let q be h(-3). Let k(w) = -16*w**2 - 1. What is k(q)?
-17
Let k(b) = b**2 + 18*b - 248. Let c be k(9). Let f be 1/4 + (-7)/(-4). Let a(p) = -5*p - 6 + 2*p + f*p. Give a(c).
-1
Let o = 2 + 1. Let r(t) be the first derivative of 35 + 1/2*t**2 + t**3 + 3*t - 1/4*t**4. Determine r(o).
6
Let m(c) = 4*c**3 + 3*c + 10. Let k(u) = 3*u**3 - u**2 + 2*u + 7. Let l(n) = 5*k(n) - 4*m(n). Suppose -3*o = -5*i - 10, 5*i = 2*i - 5*o - 40. Give l(i).
5
Let i(w) = 101*w**2 + 1 - 52*w**2 - 52*w**2. Calculate i(1).
-2
Let b be (6/(-4) + 1)/(9/18). Let d(w) = 9*w**2 - 2*w - 1. Give d(b).
10
Suppose 8*j = 7*j + 15. Suppose -d = 4*d + j. Let p be ((-9)/6)/(d/12). Let l(r) = r**2 - 7*r + 8. Calculate l(p).
2
Suppose -1 = -n + 2*f, 4*n = 3*f - 6*f - 40. Let r(m) be the third derivative of -m**6/120 - m**5/10 + 3*m**4/8 + m**3/2 + 2*m**2. What is r(n)?
-11
Suppose -5*s + 3*s - 16 = 0. Let m be 9/2*s/(-12). Let d(i) = m*i**2 + i - 1 + 2*i - i**2 - i**3. Give d(3).
-1
Suppose -3*v + 4 = -11. Let w be 9 - -1*(-30)/6. Suppose 5*a - 13 = 5*o - 4*o, a + v = w*o. Let s(k) = k**2 - k + 2. What is s(o)?
4
Let w be (-10 - -6)*2/(-4). Let c(o) = 2*o**2 + 2 + 5*o - 5*o + w*o + 3*o. Give c(-3).
5
Let d(m) = -m**2. Let a(f) = 2*f**2 - 7. Let q(u) = u**2 - u - 1. Let z(x) = a(x) - 3*q(x). Let b(i) = 4*d(i) - z(i). Calculate b(-3).
-14
Suppose -2*z = -2*x + 6 + 4, -3*z = -4*x + 20. Suppose l = -3*w + 35 + 14, l = 5*w - 71. Suppose 2*q + q + w = z. Let a(v) = -v**2 - 3*v + 5. Determine a(q).
-5
Let v(k) = -14*k - 10*k - 7*k - 9*k - 5 + 41*k. Give v(3).
-2
Let i = 98 - 97. Let v(t) = i - 30*t + 3 + 36*t + 1. What is v(-5)?
-25
Let r(j) = -2*j. Let n be (4 + (-23)/5)/(3/30). Determine r(n).
12
Let y(m) = -m + 1. Let s be y(-4). Let h = s + -2. Let q(i) = 5*i + 2 - 4 + h. Determine q(1).
6
Let p be (-18)/(-30)*(8 + 2). Let z = -9 + p. Let v(h) be the third derivative of -h**5/60 - h**4/6 - 2*h**3/3 - h**2. Calculate v(z).
-1
Suppose 0 = 339*y - 329*y + 20. Let r(j) = -3*j - 9. Determine r(y).
-3
Suppose -r + 6*r = 15. Suppose 0 = -4*t + r + 9. Suppose -3*q = 2*n + 1, 0*n - t*n = 2*q + 9. Let z(h) = 2*h + 3. What is z(n)?
-7
Suppose -v - 4 - 2 = 0. Let p(h) = -5*h + 16. Let l be p(-5). Let g(a) = -4*a + l*a**2 - 77*a**2 + 41*a**2 + a**3 + 6. Give g(v).
-6
Let v(o) = -o**2 - 3*o. Let p be 4/30 - (-1736)/(-420). Determine v(p).
-4
Let v be ((-6)/8)/((-42)/224). Suppose -3*z = -2*z, -4*y = z - v. Let t(c) = -12*c**3 + c**2 + c - 1. Calculate t(y).
-11
Let o(j) = 7*j - 13. Let t(z) = 15*z - 27. Let w(d) = 13*o(d) - 6*t(d). Suppose -5*r + 21 + 4 = 0. What is w(r)?
-2
Let w(t) be the third derivative of -t**7/5040 - t**6/720 + t**5/20 - 14*t**2. Let r(p) be the third derivative of w(p). Determine r(-5).
4
Let h be (-2)/(-7) - 120/(-70). Let z(q) = -2*q + 7 + 0*q**3 + 5*q**h + q**3 - 13. Determine z(-5).
4
Let w = -3 - -3. Let b(q) be the second derivative of -q**4/12 + q**3/6 + 15*q**2/2 + 776*q - 2. Calculate b(w).
15
Let t be 2/(-9) + (-184)/(-18). Suppose -9*c + 18 = 4*d - 4*c, -d - 4*c = -t. Let z(b) = b**2 - 5*b + 3. What is z(d)?
-3
Let k be (-1)/((6/10)/3). Let d be -1 + (-3 - (k + 2)). Let x(p) = -4*p - 11. Let w(c) = -1. Let y(i) = -22*w(i) + 2*x(i). What is y(d)?
8
Let z(m